reds digit of w/(17/(-4) - (0 - 4))?
1
Suppose -5*u - 7 = 68. Let m be (-32)/u - 20/150. Suppose -m*y + 5*y - 5*o = 551, 0 = 3*o - 15. What is the units digit of y?
2
Suppose -66*d - 75*d + 6057934 = -87269. What is the thousands digit of d?
3
Suppose -6*w - 948 = -3*p - 3*w, -2*p = -w - 631. What is the tens digit of (13/3)/(5/p)?
7
Let o = 33603 + -10648. What is the thousands digit of o?
2
Let k(j) be the second derivative of 3*j**3/2 - 37*j**2 - 90*j. What is the units digit of k(25)?
1
Let l(d) = 5 + 22 + 8 + 6*d - 4. Let k be l(14). Suppose 0 = -3*f + 4*h + k, 2*f + 2*h = f + 55. What is the units digit of f?
5
Suppose 45 = 2*y + 5*g, 47 = 4*y + 2*g - 3. Suppose 33 - 4 = 5*s - 3*f, 2*s - 2*f - y = 0. Suppose 256 = s*n - 304. What is the tens digit of n?
8
Suppose -13 = -3*r - 4. Suppose -5*k = -3*w - 7464, -2023 = -k + r*w - 523. What is the units digit of ((-2)/4)/(k/498 - 3)?
3
Suppose -4*w + x = -2299, 0 = 2*w - 3*x - 0*x - 1137. Suppose -2*f - 644 = -32. Let s = f + w. What is the tens digit of s?
7
Let a(i) be the first derivative of 15*i**2/2 - 16*i + 2. Let g be a(2). Suppose -850 = 9*o - g*o. What is the tens digit of o?
7
Let j(i) = i + 66. Let h = -15 - -13. Let r be (0 + 4 + -4)/h. What is the units digit of j(r)?
6
Let u(i) be the third derivative of i**5/20 - i**4/24 + 74*i**3/3 + 16*i**2. Suppose 0 = 27*c - 7*c - 15*c. What is the tens digit of u(c)?
4
Let i(c) = -23*c**2 + 3*c - 3. Let w(n) = n**2 - n + 1. Let g(m) = -2*i(m) - 6*w(m). Suppose 2 = 2*q - 4*q. What is the units digit of g(q)?
0
Suppose -26*t = -25*t - 52. Suppose t = 3*g - 233. What is the tens digit of g/2 + (-6)/(-12)?
4
Suppose -4*z = 4*h - 8, 11 = 5*h - h + z. Suppose 3*j + h*w - 1995 = 0, -386 + 1716 = 2*j + 4*w. What is the units digit of j?
5
Let l = -372 - -591. Suppose 30 = -5*k + 55. Suppose -3*b = k*s - 36 - l, -4*s - 4*b = -196. What is the units digit of s?
4
Let n be (-7 + 7)/(2/(-1)). Suppose 4*f = -n + 8. What is the tens digit of (-4180)/(-36) + f/(-18)?
1
Suppose 11*q - 35 = 6*q. What is the tens digit of q + -3 + 117/(2 - -1)?
4
Let q(g) = -311*g - 1271. What is the hundreds digit of q(-28)?
4
Let y(c) = -2*c**3 - c**2 + 4*c + 5. Let q be 21/6*16/(-28). Let n be y(q). Suppose -2*k + 18 = 4*z, k + z - 5*z + n = 0. What is the units digit of k?
3
Suppose 0 = c - 2*a + 61 + 22, 0 = -4*c - 4*a - 368. Let n = -59 - c. What is the tens digit of n?
3
What is the tens digit of (((-24765360)/(-200))/38)/(6/40)?
2
Let t be (18/10 - 2)*-15. Suppose 3*l + 0 - t = 0. Let p = l - 0. What is the units digit of p?
1
Let w(n) = 2*n**2 - 2*n + 6. Let a be w(0). Suppose 10*h + a*h - 32 = 0. Suppose 0 = -27*j + 25*j + h. What is the units digit of j?
1
Let f(h) = 87*h**3 + 5*h**2 - 22*h + 15. Let n(i) = -i**3 - i**2 + i + 2. Let g(o) = f(o) - 6*n(o). What is the tens digit of g(2)?
3
Suppose 5*b + 5 = -5*c, b + 7*c - 2*c + 17 = 0. Suppose -b*o = 47 + 76. Let u = o - -53. What is the units digit of u?
2
Suppose -5*n = -4*u - 46, -n = -0*n + u - 2. Suppose n = -x + 12. Suppose -2*k = 2, x*o - 3*o - k = 277. What is the tens digit of o?
9
Let z(o) = -8*o - 75. Let d be z(-27). Let h = d + 69. What is the units digit of h?
0
Let v(z) = 7*z**2 - z + 3. Suppose -3*t - 23 - 7 = 0. Let m = t - -12. What is the tens digit of v(m)?
2
Let w be ((-6)/(-14))/((-5)/(-35)). Suppose 4*y = -5*q + 4476, -2*y - w*q + 2238 = 2*q. What is the thousands digit of y?
1
What is the hundreds digit of (2/(-6))/((-4)/13332)?
1
Suppose 3*c = 24, 700*r + 2*c - 150472 = 696*r. What is the hundreds digit of r?
6
Let w(t) be the first derivative of 10*t**3/3 + 3*t**2 + 2*t + 94. What is the hundreds digit of w(-5)?
2
Let y(w) = -8764*w + 173. What is the hundreds digit of y(-3)?
4
Let j(s) be the first derivative of 60*s**2 - 89*s - 68. What is the units digit of j(9)?
1
Let r be 1/(-3*(4/6)/(-2)). What is the hundreds digit of (-2679)/(5 - 8) + r + -6?
8
Suppose 57 - 60 = -k. What is the units digit of (-536)/k*(-9)/6 + 4?
2
What is the hundreds digit of (1305988/20 - -26) + 2/(-5)?
3
Suppose -722 = -6*a - 200. Let n = 86 - a. What is the hundreds digit of (5/(-10))/(n/334)?
1
Suppose 4*r - 2747 = -z, 0 = -9*r + 13*r - z - 2749. What is the tens digit of r?
8
Let l = 5804 - 1738. What is the tens digit of l?
6
Suppose 0 = 3*r + 15, 30*r + 21913 = 4*w + 25*r. What is the tens digit of w?
7
Let g = 43 - 25. Suppose -x - g = 4*p, -5*p + 0*x + 3*x - 14 = 0. What is the hundreds digit of (p - 247/(-2))*(2 + 0)?
2
Let w(g) = 5*g**3 - 36*g**2 - 9*g + 13. What is the hundreds digit of w(11)?
2
Let t = -23936 - -86893. What is the hundreds digit of t?
9
Let i(r) = 2*r**3 - 81*r**2 - 21*r - 11. What is the tens digit of i(42)?
9
Let f(t) = -25*t**3 - t**2 + 21*t + 66. What is the thousands digit of f(-7)?
8
Let p(s) be the second derivative of 9*s**2 + 0 - 7/6*s**4 + 7/3*s**3 + 9*s + 1/20*s**5. What is the tens digit of p(13)?
3
Let g = 1064 + -1885. Let f = g + 1363. What is the tens digit of f?
4
Let f(w) = 8*w - 34. Let g be f(4). What is the units digit of g - 2 - -1 - -49*4?
3
Let t(a) = -15*a - 115. Let h be t(-8). Let p be -3 + (-2 - -3) + 3. Suppose -h*w - 17 = -2*z, 2*w - p = -3. What is the units digit of z?
6
Suppose 25*x - 223 - 977 = 0. Suppose -26316 = 12*i - x*i. What is the units digit of i?
1
Suppose 37*y - 64000 = 11406. What is the units digit of y?
8
Let c(u) = 75*u**2 + 3*u + 3. Let f be c(-1). What is the tens digit of 45/f + (-2481)/(-15)?
6
Let d be 40/(-10) + -1 + 382 + 1. Let g = 847 - d. What is the tens digit of g?
6
Let b = 27 - 22. Suppose -2*m = -4*y - 4*m + 6354, 3*m = -b*y + 7940. What is the hundreds digit of y?
5
Let f = -32283 - -41957. What is the units digit of f?
4
Let u(s) = -s**3 - 16*s**2 - 216*s + 27. What is the units digit of u(-27)?
8
What is the tens digit of (63/(-7) - -7) + 3926?
2
Let k = -29598 + 68115. What is the ten thousands digit of k?
3
Suppose -2*f + 26 = 4*u, 0*u = -4*f - 3*u + 32. Suppose -2*s + f*s - 69 = 0. Let c = s - -17. What is the units digit of c?
0
Suppose -10*x + 692 = -238. Suppose -6535 = -98*p + x*p. What is the thousands digit of p?
1
Let v(m) = 5984*m**2 - 414*m + 1636. What is the thousands digit of v(4)?
5
Let h(n) = n**3 + 24*n**2 + 22*n - 16. Let g be (-4)/6*(-6 - (-78)/4). What is the hundreds digit of h(g)?
0
Suppose 4*f - 19*f + 1745 + 3055 = 0. Let k = -681 + 466. Let o = f + k. What is the hundreds digit of o?
1
Let i = 31973 - 14874. What is the ten thousands digit of i?
1
Suppose 5496 = 170*q - 164*q. Suppose h - q = 2*v, 3670 = 4*h - 11*v + 9*v. What is the tens digit of h?
1
Suppose -6 = y, 5*u - 19392 = 5*y + 22138. What is the thousands digit of u?
8
Suppose -4*i + 4*o + 1622 = -17150, 14083 = 3*i - 2*o. Suppose 5*h + 607 - i = 0. What is the tens digit of h?
1
Suppose 0 = -2*k - 7*q + 4*q - 21, -40 = 5*k + 5*q. Let a be 5*2*(3/(-2))/k. Suppose h + a*h = 498. What is the units digit of h?
3
Let o = 2424 + 9617. What is the units digit of o?
1
Let g(y) be the second derivative of 2*y**4 - 47*y**3/6 + 9*y**2/2 + 9*y - 1. What is the hundreds digit of g(8)?
1
Suppose -811 + 817 = 3*b. What is the hundreds digit of (-168 - -175)*((-804)/(-7))/b?
4
Let a = 30 + 566. Suppose a*z - 608*z = -12588. What is the units digit of z?
9
Let d = -661 + 9736. What is the tens digit of d?
7
Let s be ((-6)/4)/(3/(-24)). Suppose 12555 = 70*p - 4035. Suppose -s*h - p = -15*h. What is the tens digit of h?
7
Suppose -1787 = -20*o + 1903 + 390. What is the hundreds digit of o?
2
Let y be (-24)/(-15) - ((-18)/(-5) + -4). Suppose 2 + 16 = -y*q. What is the units digit of ((-3)/((-6)/(-43)))/(q/18)?
3
Let p(d) be the third derivative of 37*d**6/20 - d**5/60 - 17*d**2. Let w = -346 - -347. What is the units digit of p(w)?
1
Let j(a) = -3 + 27*a - 1 + 126*a + 6. Suppose -8*i + 5*i + 18 = 3*z, -19 = z - 4*i. What is the hundreds digit of j(z)?
1
Let p = 17610 - 376. What is the thousands digit of p?
7
Let x(t) = 12*t**2 + 10*t - 128. Let c be x(13). Suppose -1282 = -4*a + c. What is the hundreds digit of a?
8
Let i(l) = 21*l**3 - l**2 + 2. Let n be i(1). Let z be (-2)/11 - ((-2446)/n - -6). Suppose -78 = -3*k + 4*r + z, 0 = -2*r. What is the tens digit of k?
6
Let u(d) = 234*d + 173*d**2 - 3 - 113*d + 4 - 119*d. Suppose 4*t = 20, 0*z - 3